76/28 - (-4)/14. Let n(p) = -p - p**3 + w - 2 - 1 - 10*p**2. What are the prime factors of n(-10)?
2, 5
Let z(q) = -182*q - 2. List the prime factors of z(-2).
2, 181
Let y(p) = -52*p - 80. What are the prime factors of y(-29)?
2, 3, 7, 17
Let x(s) = 188*s**3 + 5*s**2 - 6*s. What are the prime factors of x(1)?
11, 17
Suppose -5*w = 3*f - 8*w - 15, 3*f + w = 15. Suppose -n - f*m + 0*m + 49 = 0, m = 5. What are the prime factors of n?
2, 3
Suppose 5*j + 0 + 20 = 0. Let n(g) = -g**3 - 5*g**2 - 6*g - 6. Let i be n(j). Let x(o) = 7*o**2 - 2*o - 1. List the prime factors of x(i).
23
Suppose -p = -5*p - 52. Let l = 2 - p. Let t = 8 + l. List the prime factors of t.
23
Let l = 35 + -35. Suppose -123 = -2*w + h, w + 4*h - 8*h - 65 = l. List the prime factors of w.
61
Let x = -36 - -33. List the prime factors of x - ((-66)/12 - 1/2).
3
Let a(d) = -d**3 - 10*d**2 - 9*d + 5. Let z be a(-9). Suppose -2*n + 0*r = z*r - 67, -n - 5*r + 31 = 0. What are the prime factors of n?
2, 3
Suppose 2*f - 675 = -7*f. List the prime factors of f.
3, 5
Let m(x) = x**2 + 5*x + 1. List the prime factors of m(22).
5, 7, 17
Let m(y) be the first derivative of -y**3/3 - 3*y**2/2 + 14*y + 40. What are the prime factors of m(0)?
2, 7
Let o(h) = h**3 + 20*h**2 - 20*h + 33. Let z be o(-21). What are the prime factors of ((-44)/z)/((-1)/33)?
11
What are the prime factors of 24246/12*(1 + (-2 - -3))?
3, 449
Let r be 2/4 - 12/(-8). Suppose -3*u = -r*u - 27. List the prime factors of u.
3
Let l be ((-2)/(-4))/(1/(-28)). Let p be 20*(-5)/10*2. Let f = l - p. What are the prime factors of f?
2, 3
Suppose 0 = 8*f - 12 - 20. Suppose -4*s + 34 = -s - f*n, 5*s - 95 = -n. What are the prime factors of s?
2, 3
List the prime factors of (23 - 21)*(-269)/(-2).
269
Suppose -11 = 17*f - 96. Let x(y) = 2*y**2 + 5*y + 10. What are the prime factors of x(f)?
5, 17
Suppose -z = -2*s - 6, -2*z + 6*z = -16. What are the prime factors of (-14)/(-35) - 673/s?
3, 5
Let q(i) = 9*i**2 - 4*i + 1. Let n be q(-3). Suppose 0 = -u + 41 + n. What are the prime factors of u?
3, 5
Suppose -65*a + 174264 = -45566. What are the prime factors of a?
2, 19, 89
Suppose 3477 = 39*m - 20*m. What are the prime factors of m?
3, 61
Let t = 441 - 3. List the prime factors of t.
2, 3, 73
Let s = -7 + 21. Suppose h - 4*f = s, 4*h - 4*f = -h + 70. List the prime factors of h.
2, 7
Let w = -91 + 414. List the prime factors of w.
17, 19
Suppose -15 = -4*n - 79. Let d be (0 - 24/(-10))*10. Let p = d + n. List the prime factors of p.
2
Let d be -1*6*125/(-10). Suppose 0 = -3*y - 3*f + 219, 4*y - 203 - d = 3*f. List the prime factors of y.
71
Let g = -431 + 1644. List the prime factors of g.
1213
List the prime factors of 2372*(-306)/(-340)*(-5)/(-6).
3, 593
Suppose -302 = -d + 3*v, -3*d + 531 + 368 = -2*v. Let k = d + -207. List the prime factors of k.
2, 23
What are the prime factors of 141/9 + (-24)/36?
3, 5
Let q(f) = -f**2 - 29*f + 86. List the prime factors of q(-25).
2, 3, 31
Let v(i) be the third derivative of i**5/60 - i**4/12 - 2*i**3/3 + 3*i**2. Let a be v(3). List the prime factors of 8 + -3*a/3.
3
Let v(z) be the second derivative of -z**4/12 - z**3/6 - 63*z**2/2 - 8*z. Let w be v(0). Let k = -11 - w. List the prime factors of k.
2, 13
Let c = 141 - 31. Suppose 0*t + c = 5*t + 3*y, 0 = y - 5. What are the prime factors of t?
19
Suppose 0 = b - 19 + 4. Let g = 9 - b. List the prime factors of -1*g*1*1.
2, 3
Let h(w) = -934*w - 226. What are the prime factors of h(-3)?
2, 7, 23
Let p = -37 + 37. Suppose p = -4*r + 13*r - 288. What are the prime factors of r?
2
Let f(q) be the first derivative of 13*q**2 - 22*q - 10. List the prime factors of f(8).
2, 3, 31
Let j = -286 - -1507. What are the prime factors of j?
3, 11, 37
Let o be 37/(-3)*(3 + 0 + -6). Suppose -2*n = -o - 125. List the prime factors of n.
3
Let l = 1608 - -633. List the prime factors of l.
3, 83
Let h(x) = 15*x**2 + 90*x + 16. List the prime factors of h(-9).
421
Let u(r) = -9*r - 7. Suppose 2*v = 4*o - 2, -6*o = 3*v - 4*o + 27. Let t be u(v). Suppose -3*g - 32 = -z, 3*z - g + t = 184. List the prime factors of z.
2, 11
Let x = 280 + -166. Suppose -x = 3*m - 6*m - 4*v, v - 76 = -2*m. List the prime factors of m.
2, 19
Let l(f) = -21*f**3 - 4*f**2 - f + 3. Let o be l(-2). Suppose 6*m = o + 239. List the prime factors of m.
2, 3, 11
Let h(c) = 26*c**3 - c**2 + c - 1. Let z = -5 - -15. Let l be 14/z - (-10)/(-25). List the prime factors of h(l).
5
Suppose 5*v - 29 = -3*z, 0 = z - 0*z - v - 7. What are the prime factors of (-4 + 566/8)*z/3?
2, 89
Let d = 1222 + -1079. What are the prime factors of d?
11, 13
Let j(h) = 30*h + 34. List the prime factors of j(34).
2, 17, 31
Suppose -4*b + 404 = -2*m, b = -2*b + 5*m + 317. Suppose 7*q = 4*q + b. List the prime factors of q.
3, 11
Suppose -17 = 8*j - 105. Let o = j - -22. What are the prime factors of o?
3, 11
Let u(a) = 105*a + 2. Let j be u(2). Suppose 460 = 7*i - j. List the prime factors of i.
2, 3
Suppose 5*v - 15 = -0*v. Suppose -2*u + 3 = u, -a - v = 4*u. List the prime factors of -2 - a/(14/44).
2, 5
Let u(g) = -1 - 3 + g**2 + 1 - 4*g - 2. Let w be u(5). Suppose -5*x - 5*r + w*r + 90 = 0, -33 = -2*x - 3*r. What are the prime factors of x?
3, 7
Suppose h - 32 = -3*h. Suppose 0*a - 4*a - 20 = -c, 0 = -5*c - 3*a + 169. Let d = c - h. What are the prime factors of d?
2, 3
Let v(y) be the first derivative of 5*y**2 + 16*y - 10. List the prime factors of v(7).
2, 43
Let v = -15 + 22. Let x = v + -1. Let r(c) = 5*c + 14. What are the prime factors of r(x)?
2, 11
Let l be (9/(-6) + 2)*258. Let z = 182 - l. What are the prime factors of z?
53
Suppose 0 = -51*j + 34*j + 24361. What are the prime factors of j?
1433
Let m(c) = 9*c**3 - 2*c**2 - 2*c + 4. Let q be m(3). Suppose 5*d - 548 = -2*o, -2*d + 3*o = -0*o - q. List the prime factors of d.
2, 5, 11
Suppose -5*x = 3*y - 14, x = 4*x - 5*y + 12. Let o be ((-4)/8)/(x/18). What are the prime factors of (-87)/(-9) - 3/o?
2, 5
Let g = 548 - 257. Let a = -188 + g. List the prime factors of a.
103
Let c(b) = b**3 - 4*b**2 + 9*b + 7. What are the prime factors of c(8)?
5, 67
What are the prime factors of (8 + 130/(-15))/(2/(-3123))?
3, 347
Let d = 18 + -15. What are the prime factors of 1/((-3)/d) + 120?
7, 17
Suppose 6*s = -6*s + 24. Suppose s*v - 378 = -v. List the prime factors of v.
2, 3, 7
Suppose 0 = -2*v + 14 - 46. Let d = -11 - v. Suppose -2*h - d*b = -73, -4*h + 82 = -3*b - 129. List the prime factors of h.
7
Let k(h) = 21*h - 22*h + h**2 - 1 + 0*h**2. List the prime factors of k(5).
19
Let t = -1162 + 1890. What are the prime factors of t?
2, 7, 13
Suppose 332 = 6*k + 98. List the prime factors of k.
3, 13
Suppose 2*o = -5*v + 2, v + 3 = 4*o - 1. Let t be (-15)/18*o*-6. Suppose t*d - 203 = 27. List the prime factors of d.
2, 23
Let w = 89 - -89. What are the prime factors of w?
2, 89
Let s(n) = 2*n + 9 + 8*n - 157*n**2 + 186*n**2. What are the prime factors of s(-3)?
2, 3, 5
Let a(v) = 55*v**2 + 1. Let f be a(1). Let s be 2/(-7) + (-1832)/f. Let k = 55 + s. List the prime factors of k.
2, 11
Let o be 151/9 - (-2)/9. Suppose 4*d - 3*d = -o. Let f = 31 + d. What are the prime factors of f?
2, 7
Let w(c) be the third derivative of c**6/120 - c**5/60 + 47*c**3/3 - 3*c**2. What are the prime factors of w(0)?
2, 47
Let z be 4/6*9*-5. Suppose 5*d + 95 = 3*q - 178, -5*q + 151 = -3*d. What are the prime factors of (-38)/d*z/(-4)?
5
Let z(s) = s + 1. Let i(h) = -12*h - 16. Let o(m) = -2*i(m) - 22*z(m). Let f(u) = 6*u + 185. Let d be f(-30). What are the prime factors of o(d)?
2, 5
Suppose 3227 = 5*a + 4*s, -4*s = -a - 2*a + 1917. What are the prime factors of a?
643
Let n = -53 + 88. Suppose -5*s + 0*s - n = 0. List the prime factors of s/21*-102*1.
2, 17
Let o(h) = -3*h - 10. Let q be (12/(-5) - -3)*10. Let r be (-15)/q*(-3 + 7). List the prime factors of o(r).
2, 5
Let j = 206 + -119. Let y = 54 + j. List the prime factors of y.
3, 47
Let t(m) = 3*m**2 - 14*m - 33. What are the prime factors of t(15)?
2, 3
Let b(v) = 37*v - 19. Suppose 5*c + 20 = 75. Let y(a) = -19*a + 10. Let o(g) = c*y(g) + 6*b(g). What are the prime factors of o(3)?
5, 7
Let s be (-6)/((2/3)/1). Let j be ((-96)/s)/((-8)/(-12)). Suppose -q = q - j. List the prime factors of q.
2
Suppose 0 = -j + 8 - 4